{"id":1162,"date":"2014-10-06T20:50:00","date_gmt":"2014-10-06T19:50:00","guid":{"rendered":"http:\/\/www.presstourism.ch\/WP_ALEX\/?page_id=1162"},"modified":"2014-10-06T20:58:58","modified_gmt":"2014-10-06T19:58:58","slug":"un-petit-joyau-nomme-motiers","status":"publish","type":"page","link":"http:\/\/www.presstourism.ch\/?page_id=1162","title":{"rendered":"Un petit joyau nomm\u00e9 M\u00f4tiers"},"content":{"rendered":"<p>&nbsp;<\/p>\n<p>De son centre historique jusqu\u2019aux collines qui l\u2019entourent, le chef-lieu du Val-de-Travers a beaucoup de charme. Jean-Jacques Rousseau lui-m\u00eame fut s\u00e9duit par M\u00f4tiers, un village qui sent bon la culture et qui peut se targuer d\u2019un riche patrimoine, de sa fameuse cascade au pied des gorges de la Po\u00ebta-Raisse et de ses parfums d\u2019absinthe. Des sites qu\u2019il vaut la peine de d\u00e9couvrir et un breuvage \u00e0 savourer lors d\u2019une balade dans le Val-de-Travers.<\/p>\n<p style=\"text-align: center;\"><a href=\"https:\/\/i0.wp.com\/www.presstourism.ch\/WP_ALEX\/wp-content\/uploads\/2014\/10\/1M\u00f4tiersVueVillage.jpg\"><img loading=\"lazy\" class=\"alignnone size-medium wp-image-1165\" src=\"https:\/\/i0.wp.com\/www.presstourism.ch\/WP_ALEX\/wp-content\/uploads\/2014\/10\/1M\u00f4tiersVueVillage-300x163.jpg?resize=300%2C163\" alt=\"Balades La R\u008egion, M\u0099tiers, Sept 2014\" width=\"300\" height=\"163\" srcset=\"https:\/\/i2.wp.com\/www.presstourism.ch\/wp-content\/uploads\/2014\/10\/1M\u00f4tiersVueVillage.jpg?resize=300%2C163 300w, https:\/\/i2.wp.com\/www.presstourism.ch\/wp-content\/uploads\/2014\/10\/1M\u00f4tiersVueVillage.jpg?resize=600%2C327 600w, https:\/\/i2.wp.com\/www.presstourism.ch\/wp-content\/uploads\/2014\/10\/1M\u00f4tiersVueVillage.jpg?w=880 880w\" sizes=\"(max-width: 300px) 100vw, 300px\" data-recalc-dims=\"1\" \/><\/a><\/p>\n<h6 style=\"text-align: center;\">M\u00f4tiers est un des plus beaux villages du canton de Neuch\u00e2tel, ici depuis la route qui m\u00e8ne au ch\u00e2teau qui est propri\u00e9t\u00e9 d\u2019une Manufacture de montres.<\/h6>\n<p>Mi-septembre, le bourg a \u00e9t\u00e9 anim\u00e9 par des spectacles, un march\u00e9 d\u2019\u00e9poque et de l\u00e9gumes anciens, ainsi que les \u00e9choppes des artisans dans le cadre des Journ\u00e9es europ\u00e9ennes du Patrimoine. Le tout sur fonds de d\u00e9cors et de costumes d\u2019antan. C\u2019\u00e9tait une bonne occasion d\u2019aller visiter la demeure o\u00f9 v\u00e9cut Jean-Jacques Rousseau de 1762 \u00e0 1765, quand il avait \u00e9t\u00e9 inqui\u00e9t\u00e9 par les autorit\u00e9s bernoises et avait d\u00fb quitter rapidement Yverdon et son ami Daniel Roguin. Elle abrite un petit mus\u00e9e pour partir sur les pas du philosophe. Pas loin de l\u00e0, il y a la Maison des Mascarons avec le mus\u00e9e r\u00e9gional d\u2019histoire et le th\u00e9\u00e2tre du m\u00eame nom.<\/p>\n<p style=\"text-align: center;\"><a href=\"https:\/\/i0.wp.com\/www.presstourism.ch\/WP_ALEX\/wp-content\/uploads\/2014\/10\/5M\u00f4tiersDemeure-JJRousseau.jpg\"><img loading=\"lazy\" class=\"alignnone size-medium wp-image-1169\" src=\"https:\/\/i2.wp.com\/www.presstourism.ch\/WP_ALEX\/wp-content\/uploads\/2014\/10\/5M\u00f4tiersDemeure-JJRousseau-300x199.jpg?resize=300%2C199\" alt=\"Balades La R\u008egion, M\u0099tierw, Sept 2014\" width=\"300\" height=\"199\" srcset=\"https:\/\/i1.wp.com\/www.presstourism.ch\/wp-content\/uploads\/2014\/10\/5M\u00f4tiersDemeure-JJRousseau.jpg?resize=300%2C199 300w, https:\/\/i1.wp.com\/www.presstourism.ch\/wp-content\/uploads\/2014\/10\/5M\u00f4tiersDemeure-JJRousseau.jpg?resize=600%2C399 600w, https:\/\/i1.wp.com\/www.presstourism.ch\/wp-content\/uploads\/2014\/10\/5M\u00f4tiersDemeure-JJRousseau.jpg?w=800 800w\" sizes=\"(max-width: 300px) 100vw, 300px\" data-recalc-dims=\"1\" \/><\/a><\/p>\n<h6 style=\"text-align: center;\">La demeure o\u00f9 v\u00e9cut Jean-Jacques Rousseau durant trois ans apr\u00e8s son d\u00e9part pr\u00e9cipit\u00e9 d\u2019Yverdon, o\u00f9 son ami Daniel Roguin l\u2019avait accueilli.<\/h6>\n<p>\u00c0 M\u00f4tiers, il est en outre possible de boire un bon verre de mousseux dans un lieu mill\u00e9naire, le Prieur\u00e9 Saint-Pierre, occup\u00e9 par la maison Mauler.<\/p>\n<p style=\"text-align: center;\"><a href=\"https:\/\/i1.wp.com\/www.presstourism.ch\/WP_ALEX\/wp-content\/uploads\/2014\/10\/3M\u00f4tiersPrieur\u00e9-Largeur.jpg\"><img loading=\"lazy\" class=\"alignnone size-medium wp-image-1167\" src=\"https:\/\/i0.wp.com\/www.presstourism.ch\/WP_ALEX\/wp-content\/uploads\/2014\/10\/3M\u00f4tiersPrieur\u00e9-Largeur-300x199.jpg?resize=300%2C199\" alt=\"Balades La R\u008egion, M\u0099tiers, Sept 2014\" width=\"300\" height=\"199\" srcset=\"https:\/\/i2.wp.com\/www.presstourism.ch\/wp-content\/uploads\/2014\/10\/3M\u00f4tiersPrieur\u00e9-Largeur.jpg?resize=300%2C199 300w, https:\/\/i2.wp.com\/www.presstourism.ch\/wp-content\/uploads\/2014\/10\/3M\u00f4tiersPrieur\u00e9-Largeur.jpg?resize=600%2C399 600w, https:\/\/i2.wp.com\/www.presstourism.ch\/wp-content\/uploads\/2014\/10\/3M\u00f4tiersPrieur\u00e9-Largeur.jpg?w=800 800w\" sizes=\"(max-width: 300px) 100vw, 300px\" data-recalc-dims=\"1\" \/><\/a><\/p>\n<h6 style=\"text-align: center;\">Le Prieur\u00e9 mill\u00e9naire de Saint-Pierre autour duquel s\u2019est d\u00e9velopp\u00e9 le bourg.<\/h6>\n<p>C\u2019est un ancien monast\u00e8re b\u00e9n\u00e9dictin o\u00f9 r\u00e9sonnent encore les chants gr\u00e9goriens dans des caves aux vo\u00fbtes s\u00e9culaires.<\/p>\n<p style=\"text-align: center;\"><a href=\"https:\/\/i1.wp.com\/www.presstourism.ch\/WP_ALEX\/wp-content\/uploads\/2014\/10\/6M\u00f4tiersRestoSix-Communes.jpg\"><img loading=\"lazy\" class=\"alignnone size-medium wp-image-1170\" src=\"https:\/\/i2.wp.com\/www.presstourism.ch\/WP_ALEX\/wp-content\/uploads\/2014\/10\/6M\u00f4tiersRestoSix-Communes-300x199.jpg?resize=300%2C199\" alt=\"M\u0099tiers, balde La R\u008egion, Sept 2014\" width=\"300\" height=\"199\" srcset=\"https:\/\/i0.wp.com\/www.presstourism.ch\/wp-content\/uploads\/2014\/10\/6M\u00f4tiersRestoSix-Communes.jpg?resize=300%2C199 300w, https:\/\/i0.wp.com\/www.presstourism.ch\/wp-content\/uploads\/2014\/10\/6M\u00f4tiersRestoSix-Communes.jpg?resize=600%2C399 600w, https:\/\/i0.wp.com\/www.presstourism.ch\/wp-content\/uploads\/2014\/10\/6M\u00f4tiersRestoSix-Communes.jpg?w=800 800w\" sizes=\"(max-width: 300px) 100vw, 300px\" data-recalc-dims=\"1\" \/><\/a><\/p>\n<h6 style=\"text-align: center;\">Au centre du bourg, le b\u00e2timent du XVIe si\u00e8cle qui abrite le restaurant des Six communes.<\/h6>\n<p>En suivant la Grand\u2019Rue et ses belles habitations bourgeoises et rurales, on se retrouve vers le Ch\u00e2teau d\u2019Ivernois et sa \u00abGrange\u00bb, une galerie d\u00e9volue \u00e0 l\u2019art aborig\u00e8ne australien.<\/p>\n<p style=\"text-align: center;\"><a href=\"https:\/\/i1.wp.com\/www.presstourism.ch\/WP_ALEX\/wp-content\/uploads\/2014\/10\/4M\u00f4tiersCh\u00e2teau-dIvernois.jpg\"><img loading=\"lazy\" class=\"alignnone size-medium wp-image-1168\" src=\"https:\/\/i0.wp.com\/www.presstourism.ch\/WP_ALEX\/wp-content\/uploads\/2014\/10\/4M\u00f4tiersCh\u00e2teau-dIvernois-200x300.jpg?resize=200%2C300\" alt=\"M\u0099tiers, balade La R\u008egion, Sept 2014\" width=\"200\" height=\"300\" srcset=\"https:\/\/i1.wp.com\/www.presstourism.ch\/wp-content\/uploads\/2014\/10\/4M\u00f4tiersCh\u00e2teau-dIvernois.jpg?resize=200%2C300 200w, https:\/\/i1.wp.com\/www.presstourism.ch\/wp-content\/uploads\/2014\/10\/4M\u00f4tiersCh\u00e2teau-dIvernois.jpg?w=550 550w\" sizes=\"(max-width: 200px) 100vw, 200px\" data-recalc-dims=\"1\" \/><\/a><\/p>\n<h6 style=\"text-align: center;\">Le ch\u00e2teau d\u2019Ivernois, un des haut lieux culturels du Val-de-Travers.<\/h6>\n<p>Enfin, on devine sur un promontoire l\u2019autre ch\u00e2teau du village, propri\u00e9t\u00e9 d\u2019une Manufacture de haute horlogerie.<\/p>\n<h6 style=\"text-align: center;\"><a href=\"https:\/\/i0.wp.com\/www.presstourism.ch\/WP_ALEX\/wp-content\/uploads\/2014\/10\/7M\u00f4tiersCh\u00e2teau-DuVillage.jpg\"><img loading=\"lazy\" class=\"alignnone size-medium wp-image-1171\" src=\"https:\/\/i0.wp.com\/www.presstourism.ch\/WP_ALEX\/wp-content\/uploads\/2014\/10\/7M\u00f4tiersCh\u00e2teau-DuVillage-200x300.jpg?resize=200%2C300\" alt=\"Balades La R\u008egion, M\u0099tiers, sept 2014\" width=\"200\" height=\"300\" srcset=\"https:\/\/i2.wp.com\/www.presstourism.ch\/wp-content\/uploads\/2014\/10\/7M\u00f4tiersCh\u00e2teau-DuVillage.jpg?resize=200%2C300 200w, https:\/\/i2.wp.com\/www.presstourism.ch\/wp-content\/uploads\/2014\/10\/7M\u00f4tiersCh\u00e2teau-DuVillage.jpg?w=550 550w\" sizes=\"(max-width: 200px) 100vw, 200px\" data-recalc-dims=\"1\" \/><\/a><\/h6>\n<h6 style=\"text-align: center;\">Le ch\u00e2teau du village perch\u00e9 sur une colline et bien cach\u00e9.<\/h6>\n<p>Quant \u00e0 la F\u00e9e verte, elle est partout en vedette au village, dont l\u2019Absintherie du P\u00e8re Fran\u00e7ois, la nouvelle maison de l\u2019Absinthe et la Maison Blackmint. Yves K\u00fcbler, le directeur de cette derni\u00e8re, en est d\u2019ailleurs un des meilleurs ambassadeurs en Suisse et dans le monde.<\/p>\n<p style=\"text-align: center;\"><a href=\"https:\/\/i2.wp.com\/www.presstourism.ch\/WP_ALEX\/wp-content\/uploads\/2014\/10\/2M\u00f4tiersAbsinthe-YvesK\u00fcbler.jpg\"><img loading=\"lazy\" class=\"alignnone size-medium wp-image-1166\" src=\"https:\/\/i0.wp.com\/www.presstourism.ch\/WP_ALEX\/wp-content\/uploads\/2014\/10\/2M\u00f4tiersAbsinthe-YvesK\u00fcbler-300x199.jpg?resize=300%2C199\" alt=\"Balades La R\u008egion, M\u0099tiers, Sept 2014\" width=\"300\" height=\"199\" srcset=\"https:\/\/i0.wp.com\/www.presstourism.ch\/wp-content\/uploads\/2014\/10\/2M\u00f4tiersAbsinthe-YvesK\u00fcbler.jpg?resize=300%2C199 300w, https:\/\/i0.wp.com\/www.presstourism.ch\/wp-content\/uploads\/2014\/10\/2M\u00f4tiersAbsinthe-YvesK\u00fcbler.jpg?resize=600%2C399 600w, https:\/\/i0.wp.com\/www.presstourism.ch\/wp-content\/uploads\/2014\/10\/2M\u00f4tiersAbsinthe-YvesK\u00fcbler.jpg?w=800 800w\" sizes=\"(max-width: 300px) 100vw, 300px\" data-recalc-dims=\"1\" \/><\/a><\/p>\n<h6 style=\"text-align: center;\">Yves K\u00fcbler, de la maison Blackmint, produit une absinthe renomm\u00e9e aux quatre coins du monde et ayant re\u00e7u de nombreuses distinctions.<\/h6>\n<h6 style=\"text-align: center;\"><a href=\"https:\/\/i1.wp.com\/www.presstourism.ch\/WP_ALEX\/wp-content\/uploads\/2014\/10\/8M\u00f4tiersLeLong-duBied.jpg\"><img loading=\"lazy\" class=\"alignnone size-medium wp-image-1163\" src=\"https:\/\/i0.wp.com\/www.presstourism.ch\/WP_ALEX\/wp-content\/uploads\/2014\/10\/8M\u00f4tiersLeLong-duBied-300x199.jpg?resize=300%2C199\" alt=\"M\u0099tiers, balade La R\u008egion, Sept 2014\" width=\"300\" height=\"199\" srcset=\"https:\/\/i2.wp.com\/www.presstourism.ch\/wp-content\/uploads\/2014\/10\/8M\u00f4tiersLeLong-duBied.jpg?resize=300%2C199 300w, https:\/\/i2.wp.com\/www.presstourism.ch\/wp-content\/uploads\/2014\/10\/8M\u00f4tiersLeLong-duBied.jpg?resize=600%2C399 600w, https:\/\/i2.wp.com\/www.presstourism.ch\/wp-content\/uploads\/2014\/10\/8M\u00f4tiersLeLong-duBied.jpg?w=800 800w\" sizes=\"(max-width: 300px) 100vw, 300px\" data-recalc-dims=\"1\" \/><\/a><\/h6>\n<h6 style=\"text-align: center;\">M\u00f4tier offre de belles randonn\u00e9es comme celle qu\u2019on peut faire le long du Bied.<\/h6>\n<p style=\"text-align: right;\"><strong>Texte et photos: Roger Juillerat<\/strong><\/p>\n<hr \/>\n<h2>Informations pratiques<\/h2>\n<p><strong>Y aller:<\/strong> le plus simple depuis le Nord vaudois, c\u2019est la voiture (pour les plus valeureux le v\u00e9lo), via Sainte-Croix, le Col des Roches et Fleurier. Il y a \u00e9galement des transports en cars postaux.<\/p>\n<p><strong>Couvert:<\/strong> les bons plats du terroir avec des produits au rythme des saisons de Marianne Rohrer au restaurant Les Six Communes, magnifique b\u00e2tisse du XVIe si\u00e8cle situ\u00e9e au coeur du village.<\/p>\n<p><strong>Mais aussi:<\/strong> la mont\u00e9e des gorges de la Po\u00ebta-Raisse. La Vy aux Moines, de M\u00f4tiers \u00e0 La Br\u00e9vine (13,5 km), itin\u00e9raire historique via Boveresse, le Tilleul des Catholiques, Monl\u00e9si, la Citadelle et le lac des Taill\u00e8res.<\/p>\n<p>Se renseigner: <a href=\"http:\/\/www.val-de-travers.ch\/\">www.val-de-travers.ch<\/a> et <a href=\"http:\/\/www.neuchateltourisme.ch\/\">www.neuchateltourisme.ch<\/a>.<\/p>\n<p><a href=\"http:\/\/www.presstourism.ch\/WP_ALEX\/wp-content\/uploads\/2014\/10\/BaladeM\u00f4tiers-SitePresstourism.pdf\">Lire ou t\u00e9l\u00e9charger l&rsquo;article de presse<\/a><\/p>\n","protected":false},"excerpt":{"rendered":"<p>&nbsp; De son centre historique jusqu\u2019aux collines qui l\u2019entourent, le chef-lieu du Val-de-Travers a beaucoup de charme. Jean-Jacques Rousseau lui-m\u00eame fut s\u00e9duit par M\u00f4tiers, un village qui sent bon la culture et qui peut se targuer d\u2019un riche patrimoine, de &hellip; <a href=\"http:\/\/www.presstourism.ch\/?page_id=1162\">Continuer la lecture <span class=\"meta-nav\">&rarr;<\/span><\/a><\/p>\n","protected":false},"author":1,"featured_media":0,"parent":341,"menu_order":0,"comment_status":"open","ping_status":"open","template":"","meta":{"ngg_post_thumbnail":0,"spay_email":""},"jetpack_sharing_enabled":true,"jetpack_shortlink":"https:\/\/wp.me\/P468TV-iK","_links":{"self":[{"href":"http:\/\/www.presstourism.ch\/index.php?rest_route=\/wp\/v2\/pages\/1162"}],"collection":[{"href":"http:\/\/www.presstourism.ch\/index.php?rest_route=\/wp\/v2\/pages"}],"about":[{"href":"http:\/\/www.presstourism.ch\/index.php?rest_route=\/wp\/v2\/types\/page"}],"author":[{"embeddable":true,"href":"http:\/\/www.presstourism.ch\/index.php?rest_route=\/wp\/v2\/users\/1"}],"replies":[{"embeddable":true,"href":"http:\/\/www.presstourism.ch\/index.php?rest_route=%2Fwp%2Fv2%2Fcomments&post=1162"}],"version-history":[{"count":3,"href":"http:\/\/www.presstourism.ch\/index.php?rest_route=\/wp\/v2\/pages\/1162\/revisions"}],"predecessor-version":[{"id":1179,"href":"http:\/\/www.presstourism.ch\/index.php?rest_route=\/wp\/v2\/pages\/1162\/revisions\/1179"}],"up":[{"embeddable":true,"href":"http:\/\/www.presstourism.ch\/index.php?rest_route=\/wp\/v2\/pages\/341"}],"wp:attachment":[{"href":"http:\/\/www.presstourism.ch\/index.php?rest_route=%2Fwp%2Fv2%2Fmedia&parent=1162"}],"curies":[{"name":"wp","href":"https:\/\/api.w.org\/{rel}","templated":true}]}}