{"id":1039,"date":"2014-08-07T17:43:44","date_gmt":"2014-08-07T16:43:44","guid":{"rendered":"http:\/\/www.presstourism.ch\/WP_ALEX\/?page_id=1039"},"modified":"2014-08-09T09:14:59","modified_gmt":"2014-08-09T08:14:59","slug":"une-islande-enchanteresse-et-fascinante","status":"publish","type":"page","link":"http:\/\/www.presstourism.ch\/?page_id=1039","title":{"rendered":"Une Islande enchanteresse et fascinante"},"content":{"rendered":"<p>Regroupement de plusieurs sites naturels dans le sud de l\u2019\u00eele et \u00e0 quelques heures de la capitale, on l\u2019appelle le Cercle d\u2019or. Avec ses bains chauds, ses chutes et ses terres volcaniques.<\/p>\n<p style=\"text-align: center;\">\u00a0<a href=\"https:\/\/i0.wp.com\/www.presstourism.ch\/WP_ALEX\/wp-content\/uploads\/2014\/08\/1IslandeGullfoss.jpg\"><img loading=\"lazy\" class=\"alignnone size-medium wp-image-1040\" src=\"https:\/\/i1.wp.com\/www.presstourism.ch\/WP_ALEX\/wp-content\/uploads\/2014\/08\/1IslandeGullfoss-300x199.jpg?resize=300%2C199\" alt=\"1IslandeGullfoss\" width=\"300\" height=\"199\" srcset=\"https:\/\/i2.wp.com\/www.presstourism.ch\/wp-content\/uploads\/2014\/08\/1IslandeGullfoss.jpg?resize=300%2C199 300w, https:\/\/i2.wp.com\/www.presstourism.ch\/wp-content\/uploads\/2014\/08\/1IslandeGullfoss.jpg?resize=600%2C399 600w, https:\/\/i2.wp.com\/www.presstourism.ch\/wp-content\/uploads\/2014\/08\/1IslandeGullfoss.jpg?w=1024 1024w\" sizes=\"(max-width: 300px) 100vw, 300px\" data-recalc-dims=\"1\" \/><\/a><\/p>\n<h5 style=\"text-align: center;\">Les fameuses chutes de Gullfoss peuvent \u00eatre admir\u00e9es de tout pr\u00e8s dans un bruit \u00e9tourdissant.<\/h5>\n<p>L\u00e0-bas tout au nord de l\u2019Europe, l\u2019Islande est devenue une destination pris\u00e9e. Il faut dire qu\u2019il pouvait difficilement en \u00eatre autrement avec les paysages incomparables et les ciels tourment\u00e9s ou lumineux qu\u2019elle offre, ses eaux glaciales ou br\u00fblantes, ses canyons et ses cascades. Rien qu\u2019en visitant la partie sud appel\u00e9e le Cercle d\u2019or, il est d\u00e9j\u00e0 possible de se faire une bonne id\u00e9e des atouts de cette \u00eele proche du Groenland, qui compte quelque 330\u00a0000 habitants, dont 120\u00a0000 dans la capitale, Reykjavik.<\/p>\n<p style=\"text-align: center;\"><a href=\"https:\/\/i1.wp.com\/www.presstourism.ch\/WP_ALEX\/wp-content\/uploads\/2014\/08\/2IslandeGeyserStrokkur.jpg\"><img loading=\"lazy\" class=\"alignnone size-medium wp-image-1041\" src=\"https:\/\/i2.wp.com\/www.presstourism.ch\/WP_ALEX\/wp-content\/uploads\/2014\/08\/2IslandeGeyserStrokkur-300x199.jpg?resize=300%2C199\" alt=\"2IslandeGeyserStrokkur\" width=\"300\" height=\"199\" srcset=\"https:\/\/i0.wp.com\/www.presstourism.ch\/wp-content\/uploads\/2014\/08\/2IslandeGeyserStrokkur.jpg?resize=300%2C199 300w, https:\/\/i0.wp.com\/www.presstourism.ch\/wp-content\/uploads\/2014\/08\/2IslandeGeyserStrokkur.jpg?resize=600%2C399 600w, https:\/\/i0.wp.com\/www.presstourism.ch\/wp-content\/uploads\/2014\/08\/2IslandeGeyserStrokkur.jpg?w=1024 1024w\" sizes=\"(max-width: 300px) 100vw, 300px\" data-recalc-dims=\"1\" \/><\/a><\/p>\n<h5 style=\"text-align: center;\">Le geyser Strokkur jaillit toutes les 5 \u00e0 7 minutes sur un site passionnant pour les amateurs de vulcanologie.<\/h5>\n<p>Deux fois et demie plus grande que la Suisse, la meilleure p\u00e9riode pour la visiter se situe de mai \u00e0 septembre. En circuits accompagn\u00e9s par des guides locaux, il est bien entendu plus facile de partir \u00e0 la d\u00e9couverte des sites enchanteurs qu\u2019offre ce Cercle d\u2019Or. Il comprend le parc national de Thingvellir, class\u00e9 au Patrimoine mondial de l&rsquo;Unesco, et o\u00f9 se rassemblait l&rsquo;ancien parlement islandais. Vous y trouverez l\u2019impressionnante faille tectonique entre les plaques am\u00e9ricaine et europ\u00e9enne. C\u2019est le seul endroit au monde o\u00f9 l\u2019on peut voir cette s\u00e9paration au-dessus du niveau de la mer, sinon elle est toujours situ\u00e9e au fond de l\u2019oc\u00e9an.<\/p>\n<p style=\"text-align: center;\"><a href=\"https:\/\/i1.wp.com\/www.presstourism.ch\/WP_ALEX\/wp-content\/uploads\/2014\/08\/3IslandeCascade.jpg\"><img loading=\"lazy\" class=\"alignnone size-medium wp-image-1042\" src=\"https:\/\/i0.wp.com\/www.presstourism.ch\/WP_ALEX\/wp-content\/uploads\/2014\/08\/3IslandeCascade-200x300.jpg?resize=200%2C300\" alt=\"3IslandeCascade\" width=\"200\" height=\"300\" srcset=\"https:\/\/i0.wp.com\/www.presstourism.ch\/wp-content\/uploads\/2014\/08\/3IslandeCascade.jpg?resize=200%2C300 200w, https:\/\/i0.wp.com\/www.presstourism.ch\/wp-content\/uploads\/2014\/08\/3IslandeCascade.jpg?w=512 512w\" sizes=\"(max-width: 200px) 100vw, 200px\" data-recalc-dims=\"1\" \/><\/a><\/p>\n<h5 style=\"text-align: center;\">Seljalandsfoss, une des nombreuses cascades du Cercle d\u2019or.<\/h5>\n<p>Dans la m\u00eame r\u00e9gion, on d\u00e9couvre Geysir, qui a justement donn\u00e9 son nom aux geysers du monde entier, et son petit fr\u00e8re Strokkur, ce jet d\u2019eau jaillissant toutes les 5 \u00e0 7 minutes des fonds de la terre jusqu\u2019\u00e0 trente m\u00e8tres de hauteur. Quant aux chutes d&rsquo;eau de Gullfoss, \u00e0 quelques kilom\u00e8tres, elles sont parmi les plus belles de l&rsquo;\u00eele avec leur majestueuse descente en escalier. Ce circuit vous donnera un aper\u00e7u en concentr\u00e9 de la magie de l\u2019Islande. Avant de revenir, peut-\u00eatre, pour arpenter des r\u00e9gions encore plus sauvages et recul\u00e9es de cette \u00eele volcanique.<\/p>\n<p style=\"text-align: center;\"><a href=\"https:\/\/i1.wp.com\/www.presstourism.ch\/WP_ALEX\/wp-content\/uploads\/2014\/08\/4IslandeHotelRanga.jpg\"><img loading=\"lazy\" class=\"alignnone size-medium wp-image-1043\" src=\"https:\/\/i0.wp.com\/www.presstourism.ch\/WP_ALEX\/wp-content\/uploads\/2014\/08\/4IslandeHotelRanga-300x199.jpg?resize=300%2C199\" alt=\"4IslandeHotelRanga\" width=\"300\" height=\"199\" srcset=\"https:\/\/i2.wp.com\/www.presstourism.ch\/wp-content\/uploads\/2014\/08\/4IslandeHotelRanga.jpg?resize=300%2C199 300w, https:\/\/i2.wp.com\/www.presstourism.ch\/wp-content\/uploads\/2014\/08\/4IslandeHotelRanga.jpg?resize=600%2C399 600w, https:\/\/i2.wp.com\/www.presstourism.ch\/wp-content\/uploads\/2014\/08\/4IslandeHotelRanga.jpg?w=1024 1024w\" sizes=\"(max-width: 300px) 100vw, 300px\" data-recalc-dims=\"1\" \/><\/a><\/p>\n<h5 style=\"text-align: center;\">A l\u2019h\u00f4tel Rang\u00f9, l\u2019eau n\u2019a pas besoin d\u2019\u00eatre chauff\u00e9e et il est possible de se baigner dans des jakuzzi au milieu des pr\u00e9s.<\/h5>\n<p>&nbsp;<\/p>\n<p style=\"text-align: right;\"><strong>Texte et photos: Roger Juillerat<\/strong><\/p>\n<hr \/>\n<h2>Informations pratiques<\/h2>\n<p><strong>Y aller:<\/strong> La compagnie a\u00e9rienne Icelandair dessert Reykjavik au d\u00e9part de Gen\u00e8ve jusqu\u2019au 23 septembre avec 2 vols par semaine (mardi et samedi). Elle propose en outre plusieurs forfaits s\u00e9jours et week-end. <a href=\"http:\/\/www.icelandair.com\/\">www.icelandair.com<\/a><\/p>\n<p><strong>Agences sp\u00e9cialis\u00e9es:<\/strong> Kontiki Voyages \u00e0 Lausanne: 022\u00a0389\u00a070\u00a080 <a href=\"http:\/\/www.kontiki.ch\/\">www.kontiki.ch<\/a>. ExPression \u00e0 Paris: 00331 58\u00a001\u00a001\u00a030.<\/p>\n<p><strong>Couettes et couverts:<\/strong> H\u00f4tel Grimsborgir, \u00e0 60 km \u00e0 l\u2019est de Reykjavik <a href=\"http:\/\/www.grimsborgir.com\/\">www.grimsborgir.com<\/a>. H\u00f4tel Rang\u00e1 \u00e0 Hvolsv\u00f4llur, \u00e0 96 km \u00e0 l\u2019est de Reykjavik, <a href=\"http:\/\/www.hotelranga.is\/fr\">www.hotelranga.is\/fr<\/a>.<\/p>\n<p style=\"text-align: center;\"><a href=\"https:\/\/i1.wp.com\/www.presstourism.ch\/WP_ALEX\/wp-content\/uploads\/2014\/08\/5IslandeBlueLagoon.jpg\"><img loading=\"lazy\" class=\"alignnone size-medium wp-image-1044\" src=\"https:\/\/i1.wp.com\/www.presstourism.ch\/WP_ALEX\/wp-content\/uploads\/2014\/08\/5IslandeBlueLagoon-300x199.jpg?resize=300%2C199\" alt=\"5IslandeBlueLagoon\" width=\"300\" height=\"199\" srcset=\"https:\/\/i0.wp.com\/www.presstourism.ch\/wp-content\/uploads\/2014\/08\/5IslandeBlueLagoon.jpg?resize=300%2C199 300w, https:\/\/i0.wp.com\/www.presstourism.ch\/wp-content\/uploads\/2014\/08\/5IslandeBlueLagoon.jpg?resize=600%2C399 600w, https:\/\/i0.wp.com\/www.presstourism.ch\/wp-content\/uploads\/2014\/08\/5IslandeBlueLagoon.jpg?w=1024 1024w\" sizes=\"(max-width: 300px) 100vw, 300px\" data-recalc-dims=\"1\" \/><\/a><\/p>\n<h5 style=\"text-align: center;\">Le Blue Lagoon, pr\u00e8s de la capitale Reykjavik, un lac avec de l\u2019eau entre 30 et 38 degr\u00e9s au milieu des roches volcaniques.<\/h5>\n<p><a href=\"http:\/\/www.presstourism.ch\/WP_ALEX\/wp-content\/uploads\/2014\/08\/IslandeOrAlex2.pdf\">Lire ou t\u00e9l\u00e9charger le PDF<\/a><\/p>\n","protected":false},"excerpt":{"rendered":"<p>Regroupement de plusieurs sites naturels dans le sud de l\u2019\u00eele et \u00e0 quelques heures de la capitale, on l\u2019appelle le Cercle d\u2019or. Avec ses bains chauds, ses chutes et ses terres volcaniques. \u00a0 Les fameuses chutes de Gullfoss peuvent \u00eatre &hellip; <a href=\"http:\/\/www.presstourism.ch\/?page_id=1039\">Continuer la lecture <span class=\"meta-nav\">&rarr;<\/span><\/a><\/p>\n","protected":false},"author":1,"featured_media":0,"parent":903,"menu_order":0,"comment_status":"open","ping_status":"open","template":"","meta":{"ngg_post_thumbnail":0,"spay_email":""},"jetpack_sharing_enabled":true,"jetpack_shortlink":"https:\/\/wp.me\/P468TV-gL","_links":{"self":[{"href":"http:\/\/www.presstourism.ch\/index.php?rest_route=\/wp\/v2\/pages\/1039"}],"collection":[{"href":"http:\/\/www.presstourism.ch\/index.php?rest_route=\/wp\/v2\/pages"}],"about":[{"href":"http:\/\/www.presstourism.ch\/index.php?rest_route=\/wp\/v2\/types\/page"}],"author":[{"embeddable":true,"href":"http:\/\/www.presstourism.ch\/index.php?rest_route=\/wp\/v2\/users\/1"}],"replies":[{"embeddable":true,"href":"http:\/\/www.presstourism.ch\/index.php?rest_route=%2Fwp%2Fv2%2Fcomments&post=1039"}],"version-history":[{"count":3,"href":"http:\/\/www.presstourism.ch\/index.php?rest_route=\/wp\/v2\/pages\/1039\/revisions"}],"predecessor-version":[{"id":1066,"href":"http:\/\/www.presstourism.ch\/index.php?rest_route=\/wp\/v2\/pages\/1039\/revisions\/1066"}],"up":[{"embeddable":true,"href":"http:\/\/www.presstourism.ch\/index.php?rest_route=\/wp\/v2\/pages\/903"}],"wp:attachment":[{"href":"http:\/\/www.presstourism.ch\/index.php?rest_route=%2Fwp%2Fv2%2Fmedia&parent=1039"}],"curies":[{"name":"wp","href":"https:\/\/api.w.org\/{rel}","templated":true}]}}