{"id":1017,"date":"2014-08-07T16:36:25","date_gmt":"2014-08-07T15:36:25","guid":{"rendered":"http:\/\/www.presstourism.ch\/WP_ALEX\/?page_id=1017"},"modified":"2014-08-09T09:19:56","modified_gmt":"2014-08-09T08:19:56","slug":"source-dinspiration-a-chamoson","status":"publish","type":"page","link":"http:\/\/www.presstourism.ch\/?page_id=1017","title":{"rendered":"Source d\u2019inspiration \u00e0 Chamoson"},"content":{"rendered":"<p>VALAIS \u2013 Entre le Rh\u00f4ne et le Grand Muveran, le village se pr\u00e9sente comme un superbe \u00e9crin au milieu des vignes. Avec Saint-Pierre-de-Clages et d\u2019autres joyaux pour faire de belles d\u00e9couvertes.<\/p>\n<p>Tellement beau, tellement accueillant et tellement fascinant le Valais! Tant dans ses montagnes que dans la plaine du Rh\u00f4ne. Entre Martigny et Sion, au milieu des vignes qui semblent s\u2019\u00e9tendre \u00e0 l\u2019infini, Chamoson est par exemple une destination int\u00e9ressante pour faire de jolies balades.<\/p>\n<h6 style=\"text-align: center;\"><a href=\"https:\/\/i1.wp.com\/www.presstourism.ch\/WP_ALEX\/wp-content\/uploads\/2013\/11\/1Chamoson.jpg\"><img loading=\"lazy\" class=\"alignnone size-medium wp-image-1011 aligncenter\" src=\"https:\/\/i2.wp.com\/www.presstourism.ch\/WP_ALEX\/wp-content\/uploads\/2013\/11\/1Chamoson-300x199.jpg?resize=300%2C199\" alt=\"1Chamoson\" width=\"300\" height=\"199\" srcset=\"https:\/\/i0.wp.com\/www.presstourism.ch\/wp-content\/uploads\/2013\/11\/1Chamoson.jpg?resize=300%2C199 300w, https:\/\/i0.wp.com\/www.presstourism.ch\/wp-content\/uploads\/2013\/11\/1Chamoson.jpg?resize=600%2C399 600w, https:\/\/i0.wp.com\/www.presstourism.ch\/wp-content\/uploads\/2013\/11\/1Chamoson.jpg?w=1024 1024w\" sizes=\"(max-width: 300px) 100vw, 300px\" data-recalc-dims=\"1\" \/><\/a>1) Chamoson et ses hameaux vous donneront l\u2019occasion de passer du bon temps avec des belles randonn\u00e9es \u00e0 la cl\u00e9.<\/h6>\n<p>Plus grande commune viticole de Suisse, elle associe son charme \u00e0 des vins de qualit\u00e9. Les six bourgs qui la composent ont tous des attraits \u00e0 revendre, notamment Saint-Pierre-de-Clages au cachet tout particulier. Il fait bon s\u2019arr\u00eater dans ce village suisse du livre, bien connu au-del\u00e0 de nos fronti\u00e8res. Que vous soyez collectionneur averti, lecteur assidu ou simplement curieux, les librairies vous feront partager votre passion des bouquins. B\u00e2tie au XIe si\u00e8cle par des moines b\u00e9n\u00e9dictins, p\u00e8lerins sur la route de Saint-Jacques de Compostelle, l\u2019\u00e9glise romane de style clunisien est un v\u00e9ritable joyau. Elle domine la petite place avec ses terrasses de caf\u00e9 juste \u00e0 proximit\u00e9 du vieux bourg.<\/p>\n<h6 style=\"text-align: center;\"><a href=\"https:\/\/i2.wp.com\/www.presstourism.ch\/WP_ALEX\/wp-content\/uploads\/2013\/11\/2ChamosonLesMayens.jpg\"><img loading=\"lazy\" class=\"alignnone size-medium wp-image-1012 aligncenter\" src=\"https:\/\/i1.wp.com\/www.presstourism.ch\/WP_ALEX\/wp-content\/uploads\/2013\/11\/2ChamosonLesMayens-300x200.jpg?resize=300%2C200\" alt=\"2ChamosonLesMayens\" width=\"300\" height=\"200\" srcset=\"https:\/\/i0.wp.com\/www.presstourism.ch\/wp-content\/uploads\/2013\/11\/2ChamosonLesMayens.jpg?resize=300%2C200 300w, https:\/\/i0.wp.com\/www.presstourism.ch\/wp-content\/uploads\/2013\/11\/2ChamosonLesMayens.jpg?resize=600%2C400 600w, https:\/\/i0.wp.com\/www.presstourism.ch\/wp-content\/uploads\/2013\/11\/2ChamosonLesMayens.jpg?w=1024 1024w\" sizes=\"(max-width: 300px) 100vw, 300px\" data-recalc-dims=\"1\" \/><\/a>2) Pour retrouver l\u2019air de la montagne, il faut monter aux Mayens-de-Chamoson, qui sera le cadre d\u2019une grande F\u00eate gourmande et rock and roll le 1<sup>er<\/sup> Ao\u00fbt.<\/h6>\n<p style=\"text-align: center;\">\u00a0<a href=\"https:\/\/i0.wp.com\/www.presstourism.ch\/WP_ALEX\/wp-content\/uploads\/2013\/11\/3ChamosonStPierredeClages.jpg\"><img loading=\"lazy\" class=\"alignnone size-medium wp-image-1013\" src=\"https:\/\/i0.wp.com\/www.presstourism.ch\/WP_ALEX\/wp-content\/uploads\/2013\/11\/3ChamosonStPierredeClages-300x199.jpg?resize=300%2C199\" alt=\"3ChamosonStPierredeClages\" width=\"300\" height=\"199\" srcset=\"https:\/\/i0.wp.com\/www.presstourism.ch\/wp-content\/uploads\/2013\/11\/3ChamosonStPierredeClages.jpg?resize=300%2C199 300w, https:\/\/i0.wp.com\/www.presstourism.ch\/wp-content\/uploads\/2013\/11\/3ChamosonStPierredeClages.jpg?resize=600%2C399 600w, https:\/\/i0.wp.com\/www.presstourism.ch\/wp-content\/uploads\/2013\/11\/3ChamosonStPierredeClages.jpg?w=1024 1024w\" sizes=\"(max-width: 300px) 100vw, 300px\" data-recalc-dims=\"1\" \/><\/a><\/p>\n<h6 style=\"text-align: center;\">3) La Maison du Livre \u00e0 Saint-Pierre-de-Clages, au milieu d\u2019un vieux bourg au cachet des XVIe et XVIIe si\u00e8cles.<\/h6>\n<p>Les Mayens-de-Chamoson et le hameau de N\u00e9miaz offre de superbes points de vue, les premiers vers les alpages et les sommets rocheux en direction du Grand Muveran et le deuxi\u00e8me sur Chamoson et la plaine. On peut aussi se lancer dans des randonn\u00e9es faciles comme celles du sentier du Cep \u00e0 la Cime ou simplement entre Grugney et Chamoson, en longeant le bisse du Poteu puis le lit de La Losentze. Les plus vaillants trouveront bien entendu d\u2019autres itin\u00e9raires plus ardus. Et au sommet des Mayens, la boucle de la Loutze est int\u00e9ressante. Enfin et pour bien finir une journ\u00e9e, il n\u2019y a pas tr\u00e8s loin les Bains d\u2019Ovronnaz ou encore Saillon, sa colline et son sentier Farinet.<\/p>\n<p style=\"text-align: center;\">\u00a0<a href=\"https:\/\/i2.wp.com\/www.presstourism.ch\/WP_ALEX\/wp-content\/uploads\/2013\/11\/4ChamosonStPierredeClages.jpg\"><img loading=\"lazy\" class=\"alignnone size-medium wp-image-1014\" src=\"https:\/\/i2.wp.com\/www.presstourism.ch\/WP_ALEX\/wp-content\/uploads\/2013\/11\/4ChamosonStPierredeClages-300x200.jpg?resize=300%2C200\" alt=\"4ChamosonStPierredeClages\" width=\"300\" height=\"200\" srcset=\"https:\/\/i2.wp.com\/www.presstourism.ch\/wp-content\/uploads\/2013\/11\/4ChamosonStPierredeClages.jpg?resize=300%2C200 300w, https:\/\/i2.wp.com\/www.presstourism.ch\/wp-content\/uploads\/2013\/11\/4ChamosonStPierredeClages.jpg?resize=600%2C400 600w, https:\/\/i2.wp.com\/www.presstourism.ch\/wp-content\/uploads\/2013\/11\/4ChamosonStPierredeClages.jpg?w=1024 1024w\" sizes=\"(max-width: 300px) 100vw, 300px\" data-recalc-dims=\"1\" \/><\/a><\/p>\n<h6 style=\"text-align: center;\">4) L\u2019\u00e9glise romane de Saint-Pierre-de-Clages est un joyau qui a \u00e9t\u00e9 b\u00e2ti par des moines b\u00e9n\u00e9dictins.<\/h6>\n<h6 style=\"text-align: center;\">\u00a0<a href=\"https:\/\/i0.wp.com\/www.presstourism.ch\/WP_ALEX\/wp-content\/uploads\/2013\/11\/5ChamosonLosentze.jpg\"><img loading=\"lazy\" class=\"alignnone size-medium wp-image-1015 aligncenter\" src=\"https:\/\/i2.wp.com\/www.presstourism.ch\/WP_ALEX\/wp-content\/uploads\/2013\/11\/5ChamosonLosentze-200x300.jpg?resize=200%2C300\" alt=\"5ChamosonLosentze\" width=\"200\" height=\"300\" srcset=\"https:\/\/i2.wp.com\/www.presstourism.ch\/wp-content\/uploads\/2013\/11\/5ChamosonLosentze.jpg?resize=200%2C300 200w, https:\/\/i2.wp.com\/www.presstourism.ch\/wp-content\/uploads\/2013\/11\/5ChamosonLosentze.jpg?w=512 512w\" sizes=\"(max-width: 200px) 100vw, 200px\" data-recalc-dims=\"1\" \/><\/a>5) Il est possible de longer le lit de La Losentze dans une excursion.<\/h6>\n<p style=\"text-align: right;\"><strong>Texte et photos: Roger Juillerat<\/strong><\/p>\n<h2 style=\"text-align: center;\">Infos pratiques<\/h2>\n<p><strong>Y aller:<\/strong> En voiture via les autoroutes A1 puis A9 jusqu\u2019\u00e0 la sortie Riddes\/Leytron, apr\u00e8s Martigny. Dans le village de Chamoson, la direction des Mayens et de N\u00e9miaz est bien indiqu\u00e9e, comme les itin\u00e9raires des balades. Si vous prenez le train, un bus relie la gare de Chamoson au village-m\u00eame, \u00e0 Saint-Pierre-de-Clages et \u00e0 Grugnay.<\/p>\n<p><strong>Terroir:<\/strong> Les caves des vignerons, le boucher Jean-Daniel Biollaz (rue de la place 24 \u00e0 Chamoson) et ses sp\u00e9cialit\u00e9s valaisannes, ainsi que l\u2019\u00e9picerie fine La Potag\u00e8re \u00e0 Saint-Pierre-de-Clages avec ses produits r\u00e9gionaux (rue de l\u2019Eglise 3). Le restaurant du Lion d\u2019Or et les bons petits plats d\u2019Yves M\u00e9trailler.<\/p>\n<p><a href=\"http:\/\/www.presstourism.ch\/WP_ALEX\/wp-content\/uploads\/2014\/08\/ChamosonAlex2.pdf\">Lire ou t\u00e9l\u00e9charger le PDF<\/a><\/p>\n","protected":false},"excerpt":{"rendered":"<p>VALAIS \u2013 Entre le Rh\u00f4ne et le Grand Muveran, le village se pr\u00e9sente comme un superbe \u00e9crin au milieu des vignes. Avec Saint-Pierre-de-Clages et d\u2019autres joyaux pour faire de belles d\u00e9couvertes. Tellement beau, tellement accueillant et tellement fascinant le Valais! &hellip; <a href=\"http:\/\/www.presstourism.ch\/?page_id=1017\">Continuer la lecture <span class=\"meta-nav\">&rarr;<\/span><\/a><\/p>\n","protected":false},"author":1,"featured_media":0,"parent":341,"menu_order":0,"comment_status":"open","ping_status":"open","template":"","meta":{"ngg_post_thumbnail":0,"spay_email":""},"jetpack_sharing_enabled":true,"jetpack_shortlink":"https:\/\/wp.me\/P468TV-gp","_links":{"self":[{"href":"http:\/\/www.presstourism.ch\/index.php?rest_route=\/wp\/v2\/pages\/1017"}],"collection":[{"href":"http:\/\/www.presstourism.ch\/index.php?rest_route=\/wp\/v2\/pages"}],"about":[{"href":"http:\/\/www.presstourism.ch\/index.php?rest_route=\/wp\/v2\/types\/page"}],"author":[{"embeddable":true,"href":"http:\/\/www.presstourism.ch\/index.php?rest_route=\/wp\/v2\/users\/1"}],"replies":[{"embeddable":true,"href":"http:\/\/www.presstourism.ch\/index.php?rest_route=%2Fwp%2Fv2%2Fcomments&post=1017"}],"version-history":[{"count":4,"href":"http:\/\/www.presstourism.ch\/index.php?rest_route=\/wp\/v2\/pages\/1017\/revisions"}],"predecessor-version":[{"id":1071,"href":"http:\/\/www.presstourism.ch\/index.php?rest_route=\/wp\/v2\/pages\/1017\/revisions\/1071"}],"up":[{"embeddable":true,"href":"http:\/\/www.presstourism.ch\/index.php?rest_route=\/wp\/v2\/pages\/341"}],"wp:attachment":[{"href":"http:\/\/www.presstourism.ch\/index.php?rest_route=%2Fwp%2Fv2%2Fmedia&parent=1017"}],"curies":[{"name":"wp","href":"https:\/\/api.w.org\/{rel}","templated":true}]}}